e prime factors of 1116.
2, 3, 31
List the prime factors of 2818.
2, 1409
List the prime factors of 9012.
2, 3, 751
What are the prime factors of 40026?
2, 3, 7, 953
List the prime factors of 39176.
2, 59, 83
List the prime factors of 8564.
2, 2141
List the prime factors of 39134.
2, 17, 1151
List the prime factors of 2687.
2687
List the prime factors of 15207.
3, 37, 137
List the prime factors of 910.
2, 5, 7, 13
What are the prime factors of 1279?
1279
List the prime factors of 41023.
41023
List the prime factors of 5799.
3, 1933
What are the prime factors of 2583?
3, 7, 41
What are the prime factors of 407?
11, 37
List the prime factors of 11317.
11317
What are the prime factors of 9407?
23, 409
List the prime factors of 328.
2, 41
List the prime factors of 132154.
2, 11, 6007
List the prime factors of 320.
2, 5
List the prime factors of 5192.
2, 11, 59
List the prime factors of 26200.
2, 5, 131
What are the prime factors of 3388?
2, 7, 11
What are the prime factors of 1753?
1753
What are the prime factors of 93171?
3, 13, 2389
List the prime factors of 39763.
17, 2339
What are the prime factors of 1044?
2, 3, 29
List the prime factors of 3878.
2, 7, 277
What are the prime factors of 146727?
3, 7, 17, 137
List the prime factors of 34479.
3, 1277
What are the prime factors of 90884?
2, 22721
What are the prime factors of 97191?
3, 10799
What are the prime factors of 783?
3, 29
What are the prime factors of 38990?
2, 5, 7, 557
List the prime factors of 13254.
2, 3, 47
What are the prime factors of 10475?
5, 419
List the prime factors of 1095.
3, 5, 73
List the prime factors of 95613.
3, 7, 29, 157
What are the prime factors of 343?
7
What are the prime factors of 2476?
2, 619
What are the prime factors of 7071?
3, 2357
What are the prime factors of 201?
3, 67
List the prime factors of 17525.
5, 701
What are the prime factors of 33762?
2, 3, 17, 331
What are the prime factors of 2835?
3, 5, 7
What are the prime factors of 111079?
113, 983
List the prime factors of 22746.
2, 3, 17, 223
List the prime factors of 101665.
5, 20333
List the prime factors of 1289.
1289
List the prime factors of 4105.
5, 821
List the prime factors of 4013.
4013
List the prime factors of 29324.
2, 7331
What are the prime factors of 18721?
97, 193
What are the prime factors of 4411?
11, 401
List the prime factors of 29995.
5, 7, 857
What are the prime factors of 5302?
2, 11, 241
List the prime factors of 6330.
2, 3, 5, 211
List the prime factors of 34928.
2, 37, 59
What are the prime factors of 985?
5, 197
List the prime factors of 10381.
7, 1483
What are the prime factors of 277?
277
What are the prime factors of 23933?
7, 13, 263
List the prime factors of 2144.
2, 67
What are the prime factors of 2138?
2, 1069
What are the prime factors of 1967?
7, 281
What are the prime factors of 64374?
2, 3, 10729
List the prime factors of 719.
719
List the prime factors of 570.
2, 3, 5, 19
List the prime factors of 1151.
1151
What are the prime factors of 85782?
2, 3, 17, 29
What are the prime factors of 181553?
181553
List the prime factors of 12836.
2, 3209
What are the prime factors of 10206?
2, 3, 7
What are the prime factors of 1588?
2, 397
List the prime factors of 2091.
3, 17, 41
What are the prime factors of 77700?
2, 3, 5, 7, 37
What are the prime factors of 60480?
2, 3, 5, 7
What are the prime factors of 28974?
2, 3, 11, 439
What are the prime factors of 516?
2, 3, 43
What are the prime factors of 7089?
3, 17, 139
List the prime factors of 2260.
2, 5, 113
What are the prime factors of 6602?
2, 3301
List the prime factors of 4580.
2, 5, 229
List the prime factors of 90137.
23, 3919
List the prime factors of 43210.
2, 5, 29, 149
List the prime factors of 34331.
11, 3121
What are the prime factors of 1820?
2, 5, 7, 13
What are the prime factors of 5859?
3, 7, 31
What are the prime factors of 11923?
11923
List the prime factors of 3008.
2, 47
List the prime factors of 2816.
2, 11
List the prime factors of 5302.
2, 11, 241
What are the prime factors of 7503?
3, 41, 61
What are the prime factors of 26428?
2, 6607
List the prime factors of 1499.
1499
What are the prime factors of 81655?
5, 7, 2333
What are the prime factors of 4199?
13, 17, 19
What are the prime factors of 57807?
3, 2141
List the prime factors of 81174.
2, 3, 83, 163
What are the prime factors of 2212?
2, 7, 79
List the prime factors of 42822.
2, 3, 13, 61
List the prime factors of 38426.
2, 19213
What are the prime factors of 22506?
2, 3, 11, 31
List the prime factors of 7688.
2, 31
List the prime factors of 192.
2, 3
List the prime factors of 4190.
2, 5, 419
What are the prime factors of 12742?
2, 23, 277
What are the prime factors of 7297?
7297
What are the prime factors of 46714?
2, 23357
List the prime factors of 68325.
3, 5, 911
List the prime factors of 63815.
5, 12763
What are the prime factors of 9558?
2, 3, 59
What are the prime factors of 6268?
2, 1567
List the prime factors of 22081.
71, 311
What are the prime factors of 16717?
73, 229
What are the prime factors of 3412?
2, 853
List the prime factors of 3601.
13, 277
List the prime factors of 1659.
3, 7, 79
What are the prime factors of 210?
2, 3, 5, 7
List the prime factors of 42825.
3, 5, 571
What are the prime factors of 16958?
2, 61, 139
What are the prime factors of 1358?
2, 7, 97
List the prime factors of 1551.
3, 11, 47
List the prime factors of 5171.
5171
What are the prime factors of 1497?
3, 499
What are the prime factors of 10943?
31, 353
List the prime factors of 528.
2, 3, 11
What are the prime factors of 2114?
2, 7, 151
What are the prime factors of 78426?
2, 3, 4357
What are the prime factors of 6004?
2, 19, 79
What are the prime factors of 53123?
7, 7589
List the prime factors of 11858.
2, 7, 11
List the prime factors of 111699.
3, 7, 197
List the prime factors of 26246.
2, 11, 1193
List the prime factors of 13978.
2, 29, 241
What are the prime factors of 11032?
2, 7, 197
List the prime factors of 3393.
3, 13, 29
What are the prime factors of 4101?
3, 1367
List the prime factors of 3832.
2, 479
What are the prime factors of 2846?
2, 1423
What are the prime factors of 1106?
2, 7, 79
List the prime factors of 16674.
2, 3, 7, 397
What are the prime factors of 56432?
2, 3527
What are the prime factors of 116?
2, 29
What are the prime factors of 431?
431
What are the prime factors of 8534?
2, 17, 251
List the prime factors of 634.
2, 317
What are the prime factors of 140929?
140929
List the prime factors of 10715.
5, 2143
List the prime factors of 197.
197
List the prime factors of 97.
97
List the prime factors of 2791.
2791
List the prime factors of 423.
3, 47
List the prime factors of 1328.
2, 83
What are the prime factors of 3388?
2, 7, 11
List the prime factors of 9474.
2, 3, 1579
What are the prime factors of 7129?
7129
List the prime factors of 1962.
2, 3, 109
What are the prime factors of 75502?
2, 7, 5393
What are the prime factors of 30896?
2, 1931
What are the prime factors of 123157?
107, 1151
What are the prime factors of 8412?
2, 3, 701
What are the prime factors of 27517?
7, 3931
List the prime factors of 378.
2, 3, 7
What are the prime factors of 10587?
3, 3529
What are the prime factors of 161793?
3, 17977
What are the prime factors of 123?
3, 41
List the prime factors of 2021.
43, 47
List the prime factors of 7687.
7687
List the prime factors of 81214.
2, 7, 5801
What are the prime factors of 163?
163
What are the prime factors of 99626?
2, 109, 457
List the prime factors of 1131.
3, 13, 29
List the prime factors of 128583.
3, 7, 13, 157
What are the prime factors of 214?
2, 107
List the prime factors of 819.
3, 7, 13
List the prime factors of 1338.
2, 3, 223
List the prime factors of 44183.
17, 23, 113
What are the prime factors of 54165?
3, 5, 23, 157
List the prime factors of 965.
5, 193
List the prime factors of 52354.
2, 26177
What are the prime factors of 8374?
2, 53, 79
List the prime factors of 60752.
2, 3797
List the prime factors of 540.
2, 3, 5
List the prime factors of 1503.
3, 167
What are the prime factors of 1115?
5, 223
List the prime factors of 37602.
2, 3, 2089
List the prime factors of 2203.
2203
List the prime factors of 4166.
2, 2083
What are the prime factors of 2580?
2, 3, 5, 43
What are the p